 u(21).
-6
Let y(d) = -4*d**2 + 9*d + 201. What is y(-10)?
-289
Let a(t) = -47*t - 583. What is a(-15)?
122
Let y(l) = 37*l**2 - 4*l - 7. Calculate y(-1).
34
Let b(c) = c**2 - 316*c - 29318. What is b(391)?
7
Let f(g) = 2*g**3 - 136*g**2 - 171*g + 2304. Determine f(69).
27
Let t(g) = 6*g**2 + 7*g - 57. What is t(-8)?
271
Let v(x) = -x**2 + 43*x - 189. Determine v(37).
33
Let s(x) = x**2 - 1468*x + 2931. What is s(2)?
-1
Let i(b) = -8843*b - 61918. Calculate i(-7).
-17
Let f(v) = -6*v**2 + 74*v + 245. Calculate f(15).
5
Let q(b) = -187*b - 5038. Give q(-27).
11
Let u(x) = -3*x**2 - 151*x + 626. Give u(4).
-26
Let q(n) = -n**3 - 14*n**2 - 48*n - 6. Calculate q(-9).
21
Let r(z) = z**3 + 3*z**2 - 1644*z - 4934. What is r(-3)?
-2
Let l(y) = -4*y**2 + 18*y + 12. What is l(9)?
-150
Let c(v) = 265*v + 31007. What is c(-117)?
2
Let c(z) = -z**3 - 19*z**2 - 11*z + 84. What is c(-18)?
-42
Let s(z) = z**3 - 28*z**2 + 106*z - 173. Give s(24).
67
Let x(y) = -16*y - 546. Give x(-52).
286
Let s(q) = 8*q**2 - 160*q + 2. Calculate s(20).
2
Let c(a) = -a**3 + 8*a**2 - 9*a - 19. Determine c(7).
-33
Let u(n) = n**3 + 40*n**2 + 361*n + 22. Determine u(-25).
372
Let v(w) = -4229*w + 25409. Calculate v(6).
35
Let k(j) = 16*j**2 - 52*j - 138. Calculate k(-3).
162
Let m(g) = -149*g - 4159. Calculate m(-28).
13
Let d(w) = w**3 + 12*w**2 - 46*w - 10. Determine d(-12).
542
Let n(t) = 3247*t - 55203. What is n(17)?
-4
Let i(b) = -1809*b + 5408. What is i(3)?
-19
Let b(g) = 170*g + 555. Calculate b(-6).
-465
Let s(n) = -n**3 - 20*n**2 - 93*n - 12. Calculate s(-14).
114
Let j(c) = -c + 801. Calculate j(0).
801
Let j(h) = -h**2 + 27*h + 191. Give j(33).
-7
Let g(a) = -a**2 + 6*a + 30. Determine g(6).
30
Let o(p) = 14*p - 49. What is o(-17)?
-287
Let m(t) = -2*t**2 - 80*t - 31. Calculate m(-40).
-31
Let w(s) = -2*s**3 + 2*s**2 - 15*s - 888. Determine w(0).
-888
Let y(v) = -v**3 + 52*v**2 - 23*v + 1195. What is y(52)?
-1
Let m(z) = 109*z - 11153. Calculate m(102).
-35
Let q(y) = -3*y**3 + 34*y**2 - 4*y - 109. Determine q(11).
-32
Let q(t) = -2*t**2 - 36*t - 50. Calculate q(-16).
14
Let y(s) = -s**3 + 49*s**2 + 36*s - 128. What is y(50)?
-828
Let c(t) = 3*t + 65. Give c(-6).
47
Let d(l) = l**3 - 43*l**2 - 11*l + 516. What is d(43)?
43
Let r(t) = -t**2 - 84*t - 779. Determine r(-74).
-39
Let a(c) = -c**3 - 538*c**2 - 4741*c + 186. Give a(-9).
6
Let z(l) = -13*l + 1108. What is z(81)?
55
Let o(q) = -q**2 + 52*q - 113. What is o(50)?
-13
Let z(k) = 2*k**3 + 10*k**2 + 496*k + 3037. Give z(-6).
-11
Let c(y) = -6*y**3 - 64*y**2 - 78*y + 106. Give c(-9).
-2
Let u(t) = -39*t**2 - 1408*t - 156. Calculate u(-36).
-12
Let d(m) = m**2 + 13*m - 3748. Calculate d(-68).
-8
Let d(t) = -4*t**2 - 35*t + 443. Give d(7).
2
Let y(t) = -11*t + 376. Calculate y(-6).
442
Let v(u) = 5*u**3 - 829*u**2 - 166*u + 2. What is v(166)?
2
Let y(h) = 52*h - 933. What is y(23)?
263
Let k(g) = -131*g - 2436. Give k(-18).
-78
Let h(g) = 128*g + 1794. Calculate h(-14).
2
Let r(w) = 22*w + 49. What is r(-30)?
-611
Let x(j) = j**2 - 42*j + 294. Determine x(41).
253
Let i(v) = 320*v + 2668. Determine i(-8).
108
Let z(q) = 3*q**3 + 7*q**2 - 41*q - 16. Give z(-5).
-11
Let p(u) = 373*u**3 + 7*u**2 + 9*u + 1. What is p(-1)?
-374
Let y(b) = -15*b**2 - 121*b + 41. Calculate y(-10).
-249
Let u(r) = -4*r**2 + 26*r + 28. Calculate u(-8).
-436
Let n(d) = -21*d**2 + 18*d + 32. Calculate n(2).
-16
Let o(i) = -i**2 + 21*i - 222. Give o(17).
-154
Let i(c) = -26193*c + 78577. Calculate i(3).
-2
Let d(i) = 11*i**2 - 244*i - 49. Calculate d(22).
-93
Let k(i) = 2*i**2 + 49*i - 52. What is k(-22)?
-162
Let d(k) = 2*k**2 + 407*k + 19227. Give d(-129).
6
Let r(f) = -f**3 - f**2 + 17. Give r(0).
17
Let d(q) = q**2 + 74*q + 910. Determine d(-58).
-18
Let v(s) = -4*s**2 + 194*s + 949. Calculate v(53).
-5
Let s(d) = -d**3 + 33*d**2 + 61*d + 135. What is s(35)?
-180
Let y(s) = -13*s**2 - 70*s - 556. Give y(-7).
-703
Let w(g) = g**3 + 27*g**2 + 62*g + 301. What is w(-25)?
1
Let d(c) = 8*c**3 - 79*c**2 - 12*c + 27. Determine d(10).
7
Let k(u) = -10*u + 1210. What is k(122)?
-10
Let x(o) = 32*o - 901. Determine x(39).
347
Let j(s) = 2*s**3 - 98*s**2 - 106*s + 285. Give j(50).
-15
Let b(s) = -4*s - 81. Give b(-34).
55
Let r(m) = -35*m**3 - 13*m**2 + 2*m - 16. Determine r(-3).
806
Let x(r) = r**3 + 56*r**2 + 66*r + 147. Determine x(-55).
-458
Let l(d) = -278*d - 13543. Calculate l(-49).
79
Let d(h) = 7*h + 198. Determine d(-2).
184
Let u(h) = -295*h + 15635. Give u(53).
0
Let f(x) = -24*x + 234. Determine f(11).
-30
Let i(q) = -q**3 + 8*q**2 - 8*q + 56. Calculate i(8).
-8
Let c(r) = 49*r - 5105. What is c(104)?
-9
Let s(q) = q**2 + 35*q + 190. What is s(-29)?
16
Let x(f) = -3*f**2 + 169*f - 326. Determine x(2).
0
Let d(q) = 4*q + 78. Calculate d(-23).
-14
Let r(t) = -t**3 + 568*t**2 + 8146*t - 28. What is r(-14)?
0
Let p(d) = -4*d - 77. Determine p(-24).
19
Let o(h) = 11*h - 380. Determine o(34).
-6
Let u(p) = -515*p - 35031. What is u(-68)?
-11
Let j(g) = g**2 - 4*g - 98. Give j(-9).
19
Let g(c) = 2*c**3 - 216*c**2 + 426*c + 48. Give g(106).
260
Let z(l) = 3*l + 38. Calculate z(-5).
23
Let x(k) = -96*k - 17969. Determine x(-187).
-17
Let x(d) = d**3 - 13*d**2 + 40*d - 18. Determine x(4).
-2
Let t(v) = 17*v**2 + 460*v + 40. What is t(-27)?
13
Let h(d) = 102*d + 13521. What is h(-134)?
-147
Let w(g) = 24*g - 203. Give w(13).
109
Let m(u) = -3*u**2 - 4*u. What is m(-2)?
-4
Let o(a) = a**3 - 3*a**2 - 99*a - 191. Calculate o(-7).
12
Let a(g) = -45*g**2 - 588*g - 10. Calculate a(-13).
29
Let j(r) = r**2 - 190*r + 2160. Give j(11).
191
Let u(p) = -p**3 - 64*p**2 - 254*p - 855. Give u(-60).
-15
Let s(x) = -x**3 + 15*x**2 - 58*x + 168. What is s(11)?
14
Let c(a) = -a**2 - 38*a - 405. Determine c(-14).
-69
Let l(m) = -5410*m + 32452. Determine l(6).
-8
Let m(g) = -15*g**3 - 9*g**2 - 16*g - 6. Calculate m(-2).
110
Let a(d) = d**3 + 21*d**2 - 11*d + 53. Calculate a(-22).
-189
Let r(u) = 33*u - 1038. What is r(32)?
18
Let q(z) = 2*z**2 - 143*z - 1491. Calculate q(-11).
324
Let b(q) = -q**2 + 3*q + 20. Calculate b(-10).
-110
Let y(i) = -2*i**2 + 128*i + 539. Calculate y(-4).
-5
Let v(k) = -22416*k + 224154. What is v(10)?
-6
Let i(o) = o**3 - 17*o**2 + 24*o + 132. Calculate i(15).
42
Let d(x) = 411*x - 2091. What is d(5)?
-36
Let q(y) = 476*y - 329. Calculate q(1).
147
Let a(n) = 11*n**3 + 405*n**2 - 72*n - 8. Determine a(-37).
-82
Let w(j) = -3*j**2 + 98*j - 27. What is w(34)?
-163
Let d(w) = 130*w + 1819. What is d(-14)?
-1
Let t(v) = -v**2 + 2502*v - 14999. Calculate t(6).
-23
Let n(x) = 4*x**3 - 79*x**2 - 20*x - 27. Calculate n(20).
-27
Let z(t) = -136*t**2 - 598*t - 204. What is z(-4)?
12
Let b(d) = d**3 - 16*d**2 - 44*d + 32. Determine b(18).
-112
Let l(b) = 70*b - 838. What is l(10)?
-138
Let v(j) = 4*j + 8. What is v(-7)?
-20
Let s(t) = 12*t - 167. Give s(14).
1
Let a(b) = -9*b**2 - 2012*b - 18406. Calculate a(-214).
-2
Let g(z) = 108*z + 2141. Calculate g(-20).
-19
Let n(f) = -21*f - 220. Determine n(5).
-325
Let g(o) = 5*o**2 + 16*o - 51. Calculate g(-5).
-6
Let m(z) = -z**2 + 9*z + 5538. Calculate m(79).
8
Let s(b) = b**3 - 11*b**2 + 21*b + 40. Determine s(6).
-14
Let q(p) = 169*p**2 + 330*p - 24. Give q(-2).
-8
Let y(v) = -v**3 - 16*v**2 - 16*v + 102. Determine y(-14).
-66
Let c(f) = -f**3 - 20*f**2 - 51*f + 6. What is c(-17)?
6
Let o(d) = d**2 - 29*d - 1866. Determine o(-31).
-6
Let i(x) = 41*x**2 + 1191*x - 6. Calculate i(-29).
-64
Let n(o) = o**3 + 6*o**2 + 7*o + 1. Give n(-5).
-9
Let c(b) = 203*b - 7103. Give c(35).
2
Let y(d) = 602*d + 614. Give y(-1).
12
Let s(j) = j**3 - 13*j**2 - 80*j + 940. Give s(14).
16
Let z(q) = 4*q**2 - 7*q - 42. What is z(8)?
158
Let h(o) = 3*o**3 - 354*o**2 + 354*o - 345. Determine h(117).
6
Let a(x) = x**3 - 183*x**2 + x - 203. Determine a(183).
-20
Let d(q) = -263*q + 373. Give d(1).
110
Let w(h) = 6*h - 394. Give w(-10).
-454
Let v(p) = -8*p**2 - 60*p + 10. What is v(-6)?
82
Let k(a) = 110*a + 2192. What is k(-20)?
-8
Let n(q) = 99*q - 591. Give n(6).
3
Let d(u) = -4*u - 124. Determine d(-26).
-20
Let d(c) = c**2 + 1532*c + 74109. Calculate d(-50).
9
Let q(k) = -3*k**2 - 21*k - 6. Give q(-4).
30
Let i(d) = -28*d**2 - 5219*d + 3178. What is i(-187)?
-1
Let a(n) = -n**3 - 87*n**2 - 253*n + 22. Determine a(-84).
